0 - -95) + (-1 - 7).
-3
What is 6 + -19 + (-10 - -22)?
-1
Evaluate (18 - 23) + -3 + (1 - -1).
-6
What is 0 + 1 + 1 + -2?
0
Evaluate 14 + -27 + (-1 - -6) + 16.
8
(1 - -1) + (-10 - -7) - 0
-1
-8 - (11 + (-9 - 6))
-4
What is 0 + -2 - (-3 - (2 - -3))?
6
(11 + 4 + -8 - 0) + -3
4
Calculate -4 + (4 - (0 + (6 - 2))).
-4
What is the value of (7 - 4) + -1 - -2?
4
Evaluate -3 - (0 + -3 + -2 + 0).
2
What is 6 - 9 - (-2 + -3)?
2
Evaluate (-4 - -7) + -18 + 20.
5
Evaluate (-8 - -10) + (-3 - 0) + 1.
0
Calculate 6 + 4 + (-4 - 5).
1
What is (3 - 2) + -4 - 0?
-3
-5 + (-5 - -5) + 1 + 9
5
What is the value of -1 + -5 + (2 - -3)?
-1
What is the value of -11 - ((-10 - -11) + -10)?
-2
-3 + (4 - 5 - -2)
-2
What is -28 + 31 + (0 - 0)?
3
What is 4 + 1 + 2 + -3?
4
Calculate 1 + (3 - -1) + -11 + 8.
2
2 + -7 + 0 + 4 + -3
-4
What is -7 + (-2 + 6 - 0)?
-3
Calculate -2 - (1 - 0) - 2.
-5
Calculate -5 + (-2 - (8 - 17) - 3).
-1
What is the value of 9 + (-7 - -2) - (8 + 1)?
-5
Evaluate 3 + -1 + (3 - -3).
8
What is 2 + (7 + -5 - 3)?
1
Evaluate 3 + (-6 - (-6 + 1)).
2
What is (2 - 3) + 5 + -6 + -3?
-5
What is 12 + (-1 + -2 + -3 - -3)?
9
Evaluate -4 + -3 + 23 - 9.
7
What is (50 - 37) + (-21 - 0)?
-8
What is 5 + -4 + 2 + -1?
2
Calculate 0 - -1 - (17 + -12) - -5.
1
-3 - (-7 + 1 + (1 - 2))
4
What is the value of (5 - 12) + 2 + 15?
10
What is 4 + (3 - 6 - 3 - 2)?
-4
What is the value of -4 - (6 - 9) - -6?
5
Evaluate 24 + -35 - (-1 - 7).
-3
Evaluate -21 - (6 + -16) - -3.
-8
Calculate (-5 - 1) + 3 + 3.
0
What is the value of 19 + -13 + -12 + 5?
-1
-5 + 4 + 3 - 5
-3
Calculate -2 + (5 - 7) + 8 - -3.
7
What is the value of (-2 - -1) + (0 - -3)?
2
Evaluate -2 + 10 - 6 - 1.
1
What is (-28 - -14) + (11 - 0)?
-3
What is the value of (9 - 7) + (-1 - (0 - -1))?
0
What is the value of -3 + 0 + 2 + 3 + -3?
-1
-1 + (7 - 1) + 0
5
Evaluate 1 + (-4 - -7 - 5 - -1).
0
-1 + -1 + (6 - (13 - 4))
-5
Calculate -6 + (1 - -3) + -2 + 2.
-2
Evaluate 3 - (-1 - -1) - 5 - 1.
-3
Calculate -206 + 207 + 0 + -1 + -5.
-5
What is the value of 4 + -12 + -1 + -16 + 20?
-5
Calculate -2 - -3 - (-8 - -4).
5
-6 + -1 + (-1 - (0 - 4))
-4
Calculate -6 - ((5 - 8) + -8) - 5.
0
-10 + 4 + -1 - -10
3
2 + 1 - (4 + -6)
5
What is 1 + 0 + 3 + 1?
5
What is 9 + (6 - 6) + -1?
8
What is 5 + 2 + 0 + 8 + -14?
1
Calculate (1 - 0) + (32 - 37).
-4
What is the value of -16 + 7 + -1 + 11?
1
(2 - (2 - 2)) + 3
5
Calculate (2 - -10) + 2 - 13.
1
Evaluate (-1 - -5) + (2 - (4 - 3)).
5
Calculate -31 - -19 - (-9 + 2).
-5
(-2 - (4 - 6)) + (1 - 0)
1
What is the value of (5 - (1 - -7)) + 3?
0
6 - (-2 + 7 + -4 + -3)
8
What is -3 + (-1 - -1) - (-1 - 2)?
0
Calculate -5 + 3 - (-12 + 17) - 1.
-8
Calculate -2 - ((-1 - -2) + -4).
1
What is the value of -6 + (12 - 0) + -1?
5
Evaluate 4 + (3 + -3 - 1).
3
What is -2 + (-3 - -2) + 0?
-3
Calculate 5 + 15 + -15 + (-1 - 8).
-4
What is (2 - (12 - 4)) + 1?
-5
Evaluate 2 + 5 + (-6 - -1).
2
What is the value of (-6 - (6 - 13)) + -7?
-6
-30 + 37 + -1 + 3
9
What is -4 - 1 - (0 - (0 - -1))?
-4
What is 5 + -1 + -5 + -3?
-4
What is the value of -26 + 27 + (-5 - (1 + 0))?
-5
Calculate 0 + 3 + (-3 - -3).
3
Calculate 1 + -4 + 7 + 1.
5
What is the value of (1 - -5) + -22 + 22?
6
Calculate 7 - ((-4 - -6) + 3).
2
Evaluate 84 - 71 - (7 - 1).
7
(-13 - -14) + 0 + 0
1
What is 2 + 9 - (7 + -7 - -4)?
7
What is the value of 2 - (5 + -3) - (1 + -2)?
1
(-2 - -2) + -37 + 46
9
Calculate -4 - -1 - (-6 - (-4 + 3)).
2
What is 8 + -4 - (3 + -6 - -11)?
-4
What is (-5 - (-3 - -9)) + 5?
-6
What is the value of -6 + -3 + 0 + 6?
-3
1 - (-14 + 17 - (2 + -2))
-2
Calculate -4 - 0 - -3 - (1 - 2).
0
Evaluate 7 + (5 - (16 + -5)) + -2.
-1
What is the value of 5 + -5 + -3 - 2?
-5
Evaluate -2 + -1 + (-1 + 4 - 1).
-1
What is (6 - 6) + (1 - 0)?
1
Evaluate (1 - -2) + (0 - (3 + 1)).
-1
Calculate 1 + 0 - (20 + -22).
3
Calculate -3 - -1 - (-12 - (-9 - -3)).
4
What is -2 + (-2 + 2 - 9) + 6?
-5
Evaluate 1 + 5 + 0 - 7.
-1
Calculate 33 + -28 + (-6 - -1).
0
What is (10 - 0) + 21 + -30?
1
What is (-1 - 2) + (9 - 6)?
0
Evaluate 3 + -1 + 3 - 1.
4
Evaluate 6 + 6 + -10 - (-1 - 1).
4
Evaluate -2 - (-19 - -16 - (1 + -5)).
-3
What is the value of (19 - (2 - -8)) + -7?
2
-1 + 6 + -11 + -15 + 31
10
(12 - 15) + 0 + 2
-1
What is the value of -2 + 5 + -44 + 40?
-1
Evaluate 0 + -3 + 7 + -13 + 4.
-5
What is the value of -1 - ((5 - 11 - 0) + 1)?
4
What is 1 + (8 - 6) - 7?
-4
What is 1 + -8 + 3 + 3?
-1
What is 0 + (-1 - -6) - (-30 + 31)?
4
What is 3 + -8 + 8 + (-5 - -1)?
-1
Calculate (-7 - (0 - (2 - 2))) + 2.
-5
What is the value of -6 + 5 + 4 + 0?
3
-1 + -1 + (5 - 3)
0
What is 5 + -4 - (-8 - -13)?
-4
What is the value of 4 + -2 + (4 - (4 + 5))?
-3
Calculate -6 - -4 - (5 + -4 + -7).
4
Calculate (-5 - -10) + -1 - (-12 + 7).
9
Calculate -4 + (11 - (6 - 1)).
2
What is the value of -1 + -1 + -4 + -11 + 8?
-9
What is -13 + 12 + 3 + 1 + 2?
5
What is 4 + 7 - -1 - 5?
7
What is (1 - (4 - 3)) + -15 + 8?
-7
4 + (-3 - -3) - (16 - 12)
0
-4 + 5 + 1 + -3
-1
-1 + -4 + 0 + 3
-2
Evaluate 1 - (-6 + (-1 - -4) - -1).
3
What is 7 - (13 + (2 - 4))?
-4
1 + -8 + 4 + 1
-2
Calculate (4 + -3 - 2 - -1) + -4.
-4
What is the value of -5 + 4 + -2 + 0 - 1?
-4
Evaluate -5 + (18 - 6) + -10.
-3
Calculate 7 + -7 - (-5 - -8 - -2).
-5
2 + (-7 - -3) + 7
5
What is 0 - (-6 - (13 + -11))?
8
What is the value of -3 + (1 + -4 - -11)?
5
-2 + (-6 - (-7 - 5))
4
6 + (4 + -3 - 2 - 6)
-1
Evaluate -4 - (0 + 1 + -3 - 7).
5
Calculate (-2 - 10 - (9 - 7)) + 3.
-11
Evaluate 5 - ((-2 - 0) + -2 + 12).
-3
Evaluate 4 + (-3 - -7 - (-1 - -4)).
5
Calculate 1 + -3 - (-1 + 4 + 2).
-7
What is the value of (0 - 5) + (3 + -3 - -2)?
-3
What is the value of 4 + (-12 - -1) + -29 + 35?
-1
Evaluate 9 - (-5 - -2 - -7 - 2).
7
What is the value of -1 - 2 - -1 - (19 - 20)?
-1
What is (2 - -1) + 0 + -2?
1
What is -9 + 6 - -1 - (-1 - 7)?
6
0 + (-4 - -3) + -4
-5
Evaluate -5 - 1 - (-4 + 0).
-2
What is the value of -1 - (-4 - -6) - (36 - 29)?
-10
What is the value of -1 + (-1 - 0) + 5 + -4?
-1
Evaluate 1 + -3 + 3 + -4 + 4.
1
-2 - (0 + 1 + -2)
-1
Calculate 3 + -6 + -5 + 10 + 0.
2
-4 + 6 - (-7 + 5)
4
3 + (-4 + 0 + 1 - -4)
4
Calculate -14 + 5 + -5 + 5 + 5.
-4
Evaluate 10 - 1 - (-19 + 27).
1
-45 + 45 + (4 - 1)
3
Calculate -6 + 5 + 2 + 1 + 2.
4
What is 2 + -5 - 4 - (8 - 9)?
-6
8 + 8 + 0 + -22
-6
Evaluate 2 + -3 + (13 - 4).
8
Evaluate 20 + 4 + -18 - (0 + 7).
-1
Evaluate (-1 - 0) + (6 + 1 - 10).
-4
What is the value of -4 - (-2 + (13 + -5 - 3))?
-7
-1 - ((-9 - -7) + 4)
-3
5 - 0 - (10 - (17 - 2))
10
1 - (1 - (0 + 1 - 0))
1
What is 5 + -3 - (4 + -3)?
1
Calculate 4 - (-1 + (6 - -9)) - -5.
-5
Calculate (-6 - -3) + -2 - (3 - 8).
0
Calculate ((-2 - -1) + 0 - -4) + 1.
4
Evaluate -9 + 4 + (-2 - (6 + -6)).
-7
(21 - 19) + (0 - 0)
2
What is the value of -7 - (-3 + -4 + 4)?
-4
What is the value of (-11 - 0) + 4 + -8 + 11?
-4
What is the value of 5 - (-1 + (1 - -5 - 5))?
5
Calculate -2 + (3 - (0 + 3)) - -8.
6
Calculate 1 + (8 - 11) + 6 - -2.
6
-2 - ((-2 - 3) + -2 + 4)
1
What is the value of (-6 - -7 - 2) + 2?
1
What is (-1 - (2 + -2)) + 2 + -5?
-4
What is (-12 - -13) + -6 + 14?
9
-1 + 3 + -1 + 4
5
What is (1 - -1) + -15 + 13 + 9?
9
Calculate 1 - -3 - (4 + 2 + -4).
2
Calculate (-7 - -5) + 1 - (-1 + -3).
3
What is -3 + 8 + -2 + -8?
-5
What is 3 - (0 - (5 + -22 + 7))?
-7
Calculate 2 - (6 - -1) - (-2 - 2).
-1
2 + -1 - (-1 + 3 + 4)
-5
0 - 4 - ((4 - -5) + -11)
-2
What is the value of -2 + 1 + (0 - -1 - -3)?
3
What is (-10 + 17 - -4) + -8?
3
Calculate -10 + -3 + 14 + 4.
5
What is -7 + -5 + 9 + (2 - 1)?
-2
What is (-9 - -4) + 10 + 2?
7
What is 2 - 1 - (0 + -4 + 3)?
2
Evaluate 18 + (-11 - -3) + 4 + -4.
10
What is -1 + (1 - -3) + -2 + -5?
-4
What is the value of 0 + (0 - (11 - 4))?
-7
Evaluate 8 - (7 + 2) - 5.
-6
What is the value of -3 + -2 + -10 + (7 - 0)?
-8
Calculate -4 - (-8 - -5 - 5).
4
What is the value of 5 + -1 + -5 - -8 - 2?
5
Calculate 1 - ((5 - 3) + -10 + 8).
1
What is (3 - -1) + -4 + -3 + 10?
7
Calculate -3 + 2 + -1 + -1.
-3
-5 + 2 - (-1 + -2 - 0)
0
0 - -7 - (2 + 2)
3
Evaluate (-5 - -8) + -2 + 6.
7
Calculate -5 - -2 - (1 + (1 - 1)).
-4
7 + (-22 - (-14 - (-1 - 6)))
-8
Evaluate 9 - 4 - (-1 + -3) - 4.
5
What is the value of 6 - -6 - (-10 + 14)?
8
-7 + (9 - 4) - -6
4
What is -5 + (-5 - (2 - (-1 - -20)))?
7
What is (-1 - 3) + (-3 - -6) - 1?
-2
Evaluate -1 - -3 - (0 - 0).
2
What is the value of -